igit of u?
8
Let q(c) = c**3 + 6*c**2 + 8*c - 2. Let r be q(-4). What is the units digit of (46 - 1) + (-8)/r?
9
Let l(t) be the second derivative of 23*t**5/20 + t. What is the tens digit of l(1)?
2
Suppose 2*t + 9*t = -2475. Let j = -126 - t. What is the units digit of j?
9
Let a be (-60)/9*(0 + 3). Let w = 28 + a. Suppose -w = -b - 2*b + z, 5*z - 11 = -2*b. What is the units digit of b?
3
Let b be ((-21)/(-28))/(2/16). Suppose b*q - q = 295. What is the tens digit of q?
5
Suppose 2*o - 2*z = 2530, -z + 439 + 2088 = 2*o. What is the thousands digit of o?
1
Suppose 60*y - 12 = 54*y. Suppose 2*d = -4*r + 1114, -4*r = -3*d - y*d - 1121. What is the hundreds digit of r?
2
Suppose -2*j = -0*j - 32. Let u be (-227)/2*j/(-8). Suppose 2*m - u = -2*m + n, 4*m - 223 = 5*n. What is the units digit of m?
7
Let l = -32 - -16. Let w(a) = -a**3 - 17*a**2 - 17*a - 3. What is the units digit of w(l)?
3
Let h(a) = 16*a - 24. Let l(v) = -17*v + 26. Let c(g) = 6*h(g) + 5*l(g). What is the hundreds digit of c(17)?
1
Let b(s) = -4*s**3 + 4*s**2 - 7*s - 15. Let v(w) = 5*w**3 - 3*w**2 + 6*w + 14. Let t(i) = 6*b(i) + 5*v(i). What is the units digit of t(-9)?
8
Let v be 2943/33 + (-2)/11. Suppose x = v - 0. What is the units digit of x?
9
Let n = 103 - 71. What is the tens digit of n?
3
Let s(a) = 14*a**2 - 42*a + 256. What is the hundreds digit of s(6)?
5
Suppose 0 = -5*d + 6 - 6. Suppose 2*c + 10 - 196 = d. What is the units digit of c?
3
Let q be 4/14 - 2850/(-70). Let w = 144 - q. What is the units digit of w?
3
What is the tens digit of 72/(-84) - (23644/(-14) + 3)?
8
What is the units digit of (4 - -1102) + (-1)/2*2?
5
Suppose 3*w + 2 = 2. Suppose -3*y - 6*m + 4*m = -32, -y + 3*m - 4 = w. What is the units digit of y?
8
Let v = 149 + -148. What is the units digit of v + 2550/18 + (-6)/9?
2
Let g(u) = -40*u - 311. What is the tens digit of g(-11)?
2
Let c(n) = 5*n**2 + 3*n + 9. Let q be c(5). Let k = -28 - -104. Let p = q - k. What is the tens digit of p?
7
Let k(t) = 10*t**2 - 95*t - 22. What is the tens digit of k(14)?
0
Let j(t) = 275*t + 3. Let n be j(-2). What is the tens digit of (-4)/(-6) - (n/3 + -1)?
8
What is the units digit of 1 + (540/8)/((-2)/(-8))?
1
Let l(i) = -9*i + 7. Let c be l(-8). Let x = c - 23. What is the units digit of x?
6
Let y(s) be the first derivative of -s**3/3 + 7*s**2 - s - 3. What is the units digit of y(10)?
9
Let l = 101 + 39. Let c = 285 - l. What is the units digit of c?
5
Let i(n) = -15*n**2 + 17*n**2 - 11 - 15 - 15*n. What is the tens digit of i(-9)?
7
Suppose 17*k - 462 = 16*k. What is the hundreds digit of k?
4
Suppose 2*a + 12 = 3*b, -2*a - 8 = -2*b + 2*a. Suppose 0 = -b*m + 18 + 6. What is the units digit of m?
6
Suppose 5*r - 25 = -0*r. Suppose r*u + p = 43, 3*u - 31 = u - 5*p. What is the units digit of (1 - 0)/(u/24)?
3
Let t = 11 - -7. Suppose 2*k - t = 4*k. Let r(m) = -m**2 - 10*m - 8. What is the units digit of r(k)?
1
Suppose 7*v = 4*v - 153. Let p = v - -133. What is the tens digit of p?
8
Let j(o) = o. Let b(h) = 1. Let s(d) = -d**2 + 3*d + 6. Let c be s(5). Let l(i) = c*b(i) - 4*j(i). What is the units digit of l(-2)?
4
Let o be ((-6)/4)/((-4)/8). Suppose z + o*v - 27 = 35, 183 = 4*z - v. What is the units digit of z?
7
Let b be -26 - (-9)/6*2. Let x = -12 - b. What is the tens digit of x?
1
Let s be 7 - -59 - (1 + 1). Suppose 7*k - 209 - s = 0. What is the units digit of k?
9
What is the tens digit of (6/(-9))/((-29)/64989)?
9
What is the units digit of (-6 - (1 + -16))*87?
3
Let m be (28/28)/((2 - 1)/1555). What is the tens digit of (2/(-5))/(1 + m/(-1550))?
2
Let u(s) = -3*s**2 + s + 7. Let y(z) = 4*z**2 - 2*z - 8. Let x(n) = 5*u(n) + 4*y(n). Let l be 7/3 - 3/9. What is the units digit of x(l)?
1
Suppose -3*c + 4*h + 42 = 11, 0 = -5*h + 25. Let t = c - 12. Suppose -5*f - y + 183 = 0, 7*y - 195 = -t*f + 2*y. What is the tens digit of f?
3
Let f(q) = 4*q**3 - 3*q**2 + 2*q - 3. Suppose -4*z = 179 - 35. Let r = -34 - z. What is the tens digit of f(r)?
2
Let h(q) = q**2 - 10*q - 5. Let o(a) = -a**2 - 8*a - 17. Let i be o(-6). What is the units digit of h(i)?
0
What is the hundreds digit of 7 + -7 + 0 - -231?
2
Let v(b) = -b**3 - 7*b**2 - 11*b + 7. Let x be v(-6). Suppose 0 = c + g - x, 67 + 117 = 5*c + 4*g. What is the units digit of c?
6
Let n be 622/(-4)*(-4 - -2). Let t = n + -181. What is the units digit of t?
0
Let a(s) = 19*s - 15. Let t be ((-1 - 2) + 14)/1. What is the hundreds digit of a(t)?
1
Let h(n) = 2*n - 16. Let y be h(10). Suppose 2*f + y = 0, 2*k - 52 = -4*f + 26. What is the units digit of k?
3
Let i be 2/6*24/2. Let b be (-4)/10 + 2/5. Suppose i*v - 14 - 42 = b. What is the units digit of v?
4
Suppose 185 = 9*l - 166. What is the tens digit of ((-1430)/l)/((-2)/9)?
6
Let r be ((-22)/33)/((-2)/36). Suppose 8*q + 2*f - r = 3*q, -6 = -q - 4*f. Suppose a = 4*a + q*i - 89, 0 = -4*a + 2*i + 100. What is the tens digit of a?
2
Suppose 5*y - u - 19 = -64, -y - 9 = -3*u. Let s be y/3*(-2)/(-3). What is the tens digit of ((-23)/s)/((-3)/(-6))?
2
Let r = 2 - -19. Suppose -o - 6*o + r = 0. What is the units digit of o?
3
Suppose 2*y + 8 = -5*a - 2, 41 = 5*y - 4*a. Let z = y + 7. Suppose 5*f - z = -3*j + 2*f, 4*f = 5*j - 20. What is the units digit of j?
4
Let u be ((-21)/35)/(-1 + (-4)/(-5)). Suppose u*v + 552 = 11*v. What is the tens digit of v?
6
Let a(c) = -c**2 + 10*c + 12. Let u be a(11). What is the tens digit of 56/u - (5 + -4)?
5
Suppose -4*y + a = -0*y - 133, -71 = -3*y - 5*a. Suppose 0 = -5*t - y + 302. What is the tens digit of t?
5
Let t(o) = o**2 - o - 2. Let k be t(2). Let v(n) = 96*n**2 - 1. Let c be v(-1). Suppose 0 = -k*z - 5*z + c. What is the tens digit of z?
1
Let b = 449 + -331. What is the units digit of b?
8
Let t = -1406 - -2971. What is the hundreds digit of t?
5
Suppose -4*i - 109 = z - 2183, -2*z - 3*i = -4143. What is the units digit of z?
0
What is the tens digit of (5216/(-128))/(3/(-12))?
6
Let r(z) = -z + 14. Let p be r(10). Suppose -p = -4*h + 8. Suppose 3*g = 4*g + 1, 2*a - h*g = 43. What is the tens digit of a?
2
Suppose -5*y + 1 = -3*u, 0 = -2*y - 3*u + 7*u - 8. Suppose 7*k - 20 = y*k, 3*k + 138 = 3*f. What is the tens digit of f?
5
Let v(t) = 11*t + 1. Let p be v(9). Suppose u = -p + 280. Suppose 0 = 6*a - 3*a - u. What is the tens digit of a?
6
What is the thousands digit of 1 - (-2 + 5)/((-24)/26528)?
3
Suppose -28*c = -32*c + 7564. What is the hundreds digit of c?
8
Let f(p) = 34*p + 106. What is the units digit of f(8)?
8
Let x be 4/6 + 46/3. What is the tens digit of (-27)/(-4)*x/6?
1
Let k be (-65)/26*(-1 + -1). Suppose 20 = -5*p, 2*y - y - 10 = k*p. Let i = 11 - y. What is the tens digit of i?
2
What is the hundreds digit of (23840/(-20))/(6/(-9))*2?
5
Let z(g) = 10*g**3 - g**2 + g - 9. What is the hundreds digit of z(3)?
2
Let a(c) = 12*c**2 - 19*c + 67. What is the tens digit of a(-16)?
4
Let k(m) = 14*m + 2. Let o be k(-3). Let q = o + 23. Let v(h) = h**3 + 17*h**2 - 3*h - 21. What is the units digit of v(q)?
0
Let s(c) = 9*c - 16. Let l(t) = 45*t - 81. Let g(u) = -2*l(u) + 11*s(u). What is the tens digit of g(8)?
5
Let l(c) = 60*c**2 + c + 2. What is the hundreds digit of l(3)?
5
Let q = -659 + 648. Let i(x) = -2*x**3 + 7*x**2 - 8*x - 14. Let d(o) = -o**3 - o**2. Let a(r) = 3*d(r) - i(r). What is the units digit of a(q)?
7
Suppose l = -5*f + 917, 5*f + 4*l - 2*l = 914. Suppose -2*c - 2*c = f. Let r = -28 - c. What is the units digit of r?
8
Suppose 164250 = 52*y - 8390. What is the units digit of y?
0
Let h(m) = 4*m**2 - 2*m. Let g be h(1). Suppose 5*z + 15 = g*z, -894 = -3*c - 3*z. What is the units digit of c?
3
Suppose 5*w + 24 = 2*w. Let f be w + -6*1 + 4. What is the units digit of f/(-4) + 2/4?
3
Let w = -15 + 17. Suppose -2*h - w*z = -84, 5*z - 44 + 10 = -h. What is the units digit of h?
4
Suppose -15*r - 25*r = -127760. What is the hundreds digit of r?
1
Let g(b) be the third derivative of b**4/8 + 5*b**3/3 + 3*b**2. What is the tens digit of g(10)?
4
Let g(z) = -z**3 - 7*z**2 - 8*z - 5. Suppose b = x + 21, 0 = -4*b + x - 3*x + 90. Let a = b - 28. What is the units digit of g(a)?
7
Let t(i) = -i - 5. Let z be t(-1). Let g be (z/(-5))/(3/60). Let r = g - -20. What is the tens digit of r?
3
Let g(o) = 8*o**2 - 3*o + 1. Let b be g(1). What is the t